{"id":412,"date":"2013-12-13T03:36:56","date_gmt":"2013-12-13T03:36:56","guid":{"rendered":"http:\/\/agronomist.es\/?page_id=412"},"modified":"2023-06-01T17:55:55","modified_gmt":"2023-06-01T15:55:55","slug":"documents","status":"publish","type":"page","link":"https:\/\/agronomist.es\/?page_id=412","title":{"rendered":"Qualifications"},"content":{"rendered":"<h2>Degree<\/h2>\n<a href='http:\/\/agronomist.es\/wp-content\/uploads\/2013\/12\/T\u00edtulo-I.A.-Esteban-de-Paz.pdf' class='icon-button paper-icon' target=\"_blank\">Diploma. Bachelor of Agriculture. 3750 hours.<span class='et-icon'><\/span><\/a>\n<a href='http:\/\/agronomist.es\/wp-content\/uploads\/2013\/12\/expediente-IAEU001.pdf' class='icon-button notice-icon' target=\"_blank\">Academic Record. Bachelor of Agriculture. Detailed Information.<span class='et-icon'><\/span><\/a>\n<p>&nbsp;<\/p>\n<h2>Postgraduate course<\/h2>\n<a href='http:\/\/agronomist.es\/wp-content\/uploads\/2013\/12\/UOC-SIG002.pdf' class='icon-button paper-icon' target=\"_blank\">Postgraduate Course Certificate. Specialization in&nbsp;Geographic Information Systems. 375 hours. 2010.<span class='et-icon'><\/span><\/a>\n<p>&nbsp;<\/p>\n<h2>Courses<\/h2>\n<a href='http:\/\/agronomist.es\/wp-content\/uploads\/2013\/12\/Certificado_Esteban-De-Paz-As\u00edn.pdf' class='icon-button download-icon'>Remote Sensing and GIS applied to Viticulture Course Certificate. gvSIG Asociation. 110 hours. 2012.<span class='et-icon'><\/span><\/a>\n<a href='http:\/\/agronomist.es\/wp-content\/uploads\/2013\/12\/Certificado_Esteban-De-Paz-As\u00edn-1.pdf' class='icon-button paper-icon' target=\"_blank\">GIS and Geostatistics Applied to Viticulture Course Certificate. gvSIG Asociation. 110 hours. 2012.<span class='et-icon'><\/span><\/a>\n<a href='http:\/\/agronomist.es\/wp-content\/uploads\/2013\/12\/BIOMASA001.pdf' class='icon-button paper-icon' target=\"_blank\">Biomass Course Certificate. CENIFER. 40 hours. 2011.<span class='et-icon'><\/span><\/a>\n<a href='http:\/\/agronomist.es\/wp-content\/uploads\/2013\/12\/SGBD001.pdf' class='icon-button paper-icon' target=\"_blank\">Database Course Certificate. CMN. 210 hours. 2011.<span class='et-icon'><\/span><\/a>\n<a href='http:\/\/agronomist.es\/wp-content\/uploads\/2013\/12\/taller_2_SIG.pdf' class='icon-button paper-icon' target=\"_blank\">Kosmo Software Workshop, 2009, Girona University, Spain<span class='et-icon'><\/span><\/a>\n<a href='http:\/\/agronomist.es\/wp-content\/uploads\/2013\/12\/taller_6_SIG.pdf' class='icon-button paper-icon' target=\"_blank\">gvSIG Software Programming Workshop. Girona University, Spain. 2009.<span class='et-icon'><\/span><\/a>\n<a href='http:\/\/agronomist.es\/wp-content\/uploads\/2013\/12\/innovacion001.pdf' class='icon-button paper-icon' target=\"_blank\">Innovation Management Course, &nbsp;Certificate. UPNA. 54hours. 2008<span class='et-icon'><\/span><\/a>\n<p>&nbsp;<\/p>\n<h2>Research Papers<\/h2>\n<a href='http:\/\/agronomist.es\/wp-content\/uploads\/2017\/04\/20170407_125807.jpg' class='icon-button search-icon' target=\"_blank\"><em>&#8220;Viabilidad y rentabilidad de una plantaci\u00f3n de pino pi\u00f1inero (Pinus pinea) micorrizado con trufa biancheto (Tuber borchii)&#8221;&nbsp;Revista Montes 2017. Dep\u00f3sito legal M-20978 e ISSN 0027-0105<\/em>..<span class='et-icon'><\/span><\/a>\n<a href='http:\/\/agronomist.es\/wp-content\/uploads\/2013\/12\/Distribution-Companies-Use-AHP-for-Environmental-Assessment-of-Transportation-Routes.pdf' class='icon-button search-icon' target=\"_blank\"><em>&#8220;Practice Summaries:&nbsp;Distribution Companies&nbsp;Use the Analytical Hierarchy Process for&nbsp;Environmental Assessment of Transportation&nbsp;Routes Crossing the Pyrenees in Navarre, Spain.&#8221;&nbsp;<\/em>Interfaces Informs 2013..<span class='et-icon'><\/span><\/a>\n<p>&nbsp;<\/p>\n<h2><span style=\"color: #003300;\">Congress Contributions<\/span><\/h2>\n<a href='http:\/\/agronomist.es\/wp-content\/uploads\/2013\/12\/Certificate-of-Attendance-OR54-Javier-Fualin.pdf' class='icon-button paper-icon' target=\"_blank\"><em>&nbsp;&#8220;Environmental assessment of Transport routes in the Pyrenees to make distributon decissions in Navarra (Spain)&#8221;<\/em>&nbsp;OR54 Edinburgh 2012<span class='et-icon'><\/span><\/a>\n<a href='http:\/\/agronomist.es\/wp-content\/uploads\/2013\/12\/OR50-York-Esteban-de-Paz-1.pdf' class='icon-button paper-icon' target=\"_blank\"><em> &#8220;Products in an Agribusiness Company: An Application Case&#8221;<\/em> OR50 York 2008<span class='et-icon'><\/span><\/a>\n<p>&nbsp;<\/p>\n<h2><span style=\"color: #003300;\">Congress Attendance<\/span><\/h2>\n<a href='http:\/\/agronomist.es\/wp-content\/uploads\/2013\/12\/asistencia-Congreso-Truf004.pdf' class='icon-button notice-icon' target=\"_blank\">Truffle Production Congress. 2013 Teruel, Spain.<span class='et-icon'><\/span><\/a>\n<a href='http:\/\/agronomist.es\/wp-content\/uploads\/2013\/12\/cert_asistencia-Jornadas-sig-2009.pdf' class='icon-button stats-icon' target=\"_blank\">Open Source GIS Congress, 2009 Girona, Spain<span class='et-icon'><\/span><\/a>\n<p>&nbsp;<\/p>\n","protected":false},"excerpt":{"rendered":"<p>Degree &nbsp; Postgraduate course &nbsp; Courses &nbsp; Research Papers &nbsp; Congress Contributions &nbsp; Congress Attendance &nbsp;<\/p>\n","protected":false},"author":1,"featured_media":0,"parent":0,"menu_order":0,"comment_status":"open","ping_status":"closed","template":"","meta":{"footnotes":""},"class_list":["post-412","page","type-page","status-publish","hentry"],"_links":{"self":[{"href":"https:\/\/agronomist.es\/index.php?rest_route=\/wp\/v2\/pages\/412","targetHints":{"allow":["GET"]}}],"collection":[{"href":"https:\/\/agronomist.es\/index.php?rest_route=\/wp\/v2\/pages"}],"about":[{"href":"https:\/\/agronomist.es\/index.php?rest_route=\/wp\/v2\/types\/page"}],"author":[{"embeddable":true,"href":"https:\/\/agronomist.es\/index.php?rest_route=\/wp\/v2\/users\/1"}],"replies":[{"embeddable":true,"href":"https:\/\/agronomist.es\/index.php?rest_route=%2Fwp%2Fv2%2Fcomments&post=412"}],"version-history":[{"count":28,"href":"https:\/\/agronomist.es\/index.php?rest_route=\/wp\/v2\/pages\/412\/revisions"}],"predecessor-version":[{"id":1071,"href":"https:\/\/agronomist.es\/index.php?rest_route=\/wp\/v2\/pages\/412\/revisions\/1071"}],"wp:attachment":[{"href":"https:\/\/agronomist.es\/index.php?rest_route=%2Fwp%2Fv2%2Fmedia&parent=412"}],"curies":[{"name":"wp","href":"https:\/\/api.w.org\/{rel}","templated":true}]}}